 -4*o - o + 15. Suppose -5*h = -5*s + 3*s - 2972, -o*h = -s - 1783. Suppose 4*j + 7*j - h = 0. Calculate the remainder when j is divided by 14.
12
What is the remainder when 214 is divided by (-7414)/674 + 183 + -1 + 1?
42
Let d(q) = 25*q + 49. Let r(h) = 13*h + 24. Let w be -1 - -1 - (16 + -20). Let k(y) = w*d(y) - 7*r(y). Calculate the remainder when k(6) is divided by 17.
14
Let r = -186 + 177. Let v(p) = -2*p - 13. Calculate the remainder when v(r) is divided by 3 + 6/(-3) + 2.
2
Let s = -43 + 82. Calculate the remainder when s is divided by ((-1420)/(-100) - 104/(-130))/(6/8).
19
What is the remainder when 10276 is divided by ((-2)/(-10) + (-88)/(-60))*387/15?
42
Let c be ((-20)/(-2))/((0 - -5) + -6). Let y(o) = 2*o + 33. Let i be y(c). Calculate the remainder when 2/(-13) - -431*1/i is divided by 18.
15
Let n be (-4)/(-2 + 6) - -4. Suppose -35 = -n*k - 2*k - 4*g, 0 = -k + 5*g + 7. Suppose 376 = k*q + 96. Calculate the remainder when q is divided by 11.
7
Let s(f) = -17*f + 155. Let b be s(9). Suppose -5*q = -3*m + 25 + 41, b*q + 48 = 2*m. Calculate the remainder when 37 is divided by m.
10
Suppose 4*u - 37 = -1. Suppose 51 = v + u. Let z(h) = h**3 + 3*h**2 - 7*h. Calculate the remainder when v is divided by z(-4).
6
Let s = 6104 + -6029. What is the remainder when 139 is divided by s?
64
Suppose -s - 5*f - 2 = 0, -10*f = 5*s - 7*f - 12. Suppose -2*c = -2*w + 104, s*w = -0*c - 3*c + 132. Calculate the remainder when 186 is divided by w.
42
Let s = 70 - 65. Suppose 4*n - s*l - 25 = -2*l, -2*l - 22 = -4*n. Suppose 16 = -n*h + 128. What is the remainder when 80 is divided by h?
24
Suppose 5*c - 11 = j, -15*c + 11*c = -16. Suppose -3*o = o - l + j, -2*o + l - 7 = 0. What is the remainder when 1 + o - (-2 - 11 - 4) is divided by 2?
1
Suppose 5*y - 73 = 4*y. Let g = 130 - y. Suppose -2*u - 2*u = -80. What is the remainder when g is divided by u?
17
Calculate the remainder when 130/5 + (-1 - 5)*(-2)/(-6) is divided by 13.
11
Let a(s) = 7*s - 2. Suppose 0 = 17*o - 3*o + 4060. Let i = o + 294. What is the remainder when a(3) is divided by i?
3
Let f = -819 - -567. Let b = f + 266. Calculate the remainder when b is divided by 9.
5
Let a(w) = w**3 + 32*w**2 - 2*w + 20. What is the remainder when 945 is divided by a(0)?
5
Let r(u) = 6*u**2 + 129*u - 1890. Calculate the remainder when r(15) is divided by 35.
30
Let r(n) = -n**3 + 8*n**2 + 8*n - 1. Let d be r(-1). Suppose 4*f - s - 280 = 0, d = 2*f - 3*f + 3*s + 81. Calculate the remainder when f is divided by 20.
9
Suppose 35949 = 68*j - 45*j. What is the remainder when j is divided by 17?
16
Let a = 29 + -26. Suppose -3*o + a*r + 7 = -14, 0 = 4*r + 20. Suppose -6*h = o*h - 1040. Calculate the remainder when h is divided by 33.
31
Let b be (5 - (6 - 5)) + -4. Suppose 4*h + 8*h - 264 = b. Let t(u) = u**3 + 10*u**2 + 3*u + 4. Calculate the remainder when t(-8) is divided by h.
20
Let f = -2872 + 3068. Calculate the remainder when f is divided by 85.
26
Let i(s) = 6*s - 35. Suppose 18 = 2*z - 6. Calculate the remainder when 70 is divided by i(z).
33
Let o(s) be the second derivative of s**5/20 + 5*s**4/12 - 13*s**3/6 - 19*s**2 - 107*s. What is the remainder when 15 is divided by o(-6)?
3
Let m be (14 - 21)*304/(-28). Let s be (-37)/3 + (-3)/(-9). Let p = m + s. Calculate the remainder when p is divided by 17.
13
Suppose i - 12 = -4*g + 3*i, -4*g + 22 = 3*i. Suppose m - 4*n = 126, -5*m = -0*m - g*n - 678. What is the remainder when m is divided by 21?
12
Let b be (-4)/(-10)*-5 - -18*1. Suppose b = 3*u - 17. Suppose -2*p = -4*v + 52, 5*v = 4*p + 48 + u. Calculate the remainder when v is divided by 9.
6
Suppose -757 - 179 = 3*g. Calculate the remainder when 4/(2*(-8)/g) is divided by 29.
20
Suppose -13*x + 2727 + 1589 = 0. Calculate the remainder when x is divided by 123.
86
Calculate the remainder when (1 + -8 - (-106)/14)*574 is divided by 161.
6
Suppose -2*g + 291 = g - 5*l, -463 = -5*g + l. Suppose 8*i - 36 = g. Calculate the remainder when 29 is divided by i.
13
What is the remainder when 15224 is divided by (11 + 113)/2 - 16?
44
Let k = 290 - 263. Calculate the remainder when (4 + -1)*((-148)/(-6) + -8) is divided by k.
23
Let m(g) = 3*g**2 + 22*g - 18. Let h be m(-11). Suppose 0 = -5*o + 3*i + 515, o + 3*i - h = -i. Calculate the remainder when o is divided by 21.
19
Suppose -18*d + 1173 - 192 = 279. Let l(v) = -v + 109. Calculate the remainder when l(0) is divided by d.
31
Let r = -890 - -2150. Suppose 150 = -q + 3*q. Calculate the remainder when q is divided by 1/(48/r) + 6/8.
21
Suppose 4*x - 38 + 10 = 0. Suppose 0 = t - 2*t + 2, -k + 3*t = x. Calculate the remainder when 15 is divided by ((-3)/k - 4) + 4.
0
Let c = -252 - -244. What is the remainder when (-6820)/(-93)*(-6)/c is divided by 21?
13
Suppose 90848 = 254*p - 640418. What is the remainder when p is divided by 131?
128
What is the remainder when (-1)/(((-60)/1860)/(1 + 2)) is divided by 19?
17
Suppose -2*h - 2*s + 1628 - 130 = 0, 4*s - 743 = -h. Calculate the remainder when h is divided by 748.
3
Let i = -105 - -148. Let c = -32801 - -32806. What is the remainder when i is divided by c?
3
Let h(t) = -38*t**2 - t. Let f be 5/1*(8/20)/2. Let r be h(f). Let s = 54 + r. What is the remainder when 58 is divided by s?
13
Let w be 1 - -4 - (-8)/(-8). Suppose 0 = 2*k, -2*k = -2*d + w*d - 138. Let c(v) = v**2 + 2*v - 11. What is the remainder when d is divided by c(5)?
21
Let m = 36482 - 36463. Calculate the remainder when 3786 is divided by m.
5
Let n(s) = -4*s - 7*s - 33 + 5*s. Let i(h) = 20*h - 4. Calculate the remainder when i(6) is divided by n(-12).
38
Suppose 0 = -7*s + 2 + 40. Calculate the remainder when s/(-4) + 1025/10 + 3 is divided by (-2)/6*(6 + -3 - 114).
30
What is the remainder when 110 is divided by (29/(-145))/(9/(-660)) + 3/9?
5
Suppose -16*y + 37*y - 9912 = 0. Suppose -5*b = 3*i - 296 - y, 4*i = b - 149. What is the remainder when b is divided by 11?
10
Suppose 116 = -2*t + 433 + 315. What is the remainder when t is divided by 86?
58
Let b(j) = -j + 1. Suppose -5*z + 5*l + 90 = 0, -5*z - 43*l + 42*l = -90. What is the remainder when b(-5) is divided by 8/6 + ((-168)/z - -10)?
0
Let a(s) = -3*s**2 + 3*s + 19. Let i(u) = -5*u**2 + 5*u + 19. Let c(p) = 3*a(p) - 2*i(p). What is the remainder when 68 is divided by c(0)?
11
Suppose 0 = 274*u - 328*u + 595998. What is the remainder when u is divided by 96?
93
Let p = 39 + -27. Let h = -125 - -1435. Let f = -1294 + h. Calculate the remainder when f is divided by p.
4
Suppose 17 = -g - 4*d, 3*g + 6*d + 11 = 4*d. Calculate the remainder when (2 - 3)*(g + -2) is divided by ((-72)/(-33) + (-58)/319)/2.
0
Let u = -393 - -1717. Calculate the remainder when u is divided by 1319.
5
Let m = -19577 + 30950. What is the remainder when m is divided by 91?
89
Suppose 0 = -4*h - k + 494, 6*h - 4*k - 628 = h. Suppose -7*n = 5*n - 468. Let c = 71 - n. What is the remainder when h is divided by c?
28
Let r = -18237 - -18282. Calculate the remainder when 3146 is divided by r.
41
Let u(b) = 85*b + 1222. What is the remainder when u(10) is divided by 25?
22
Let d = 6012 + -4901. Calculate the remainder when d is divided by 548.
15
Suppose -v + 5*c + 52 = 12, -5*v + 70 = c. Let a(b) = -b**3 - 7*b**2 + 8*b - 5. Let f be a(-8). What is the remainder when 49 is divided by (v/f)/3 - -18?
15
Suppose -56 = -6*r + 322. Calculate the remainder when 3/(-7) - (-4437)/r is divided by 62.
8
Let w(j) = -29*j - 12 + 5*j + 4 + 4. Suppose -3*s + 3*z + 42 = -s, -49 = -3*s + z. What is the remainder when w(-2) is divided by s?
14
Let s = -84 + 72. Let t be s*((-2)/(-10))/(16/120). Let a = t + 37. What is the remainder when 65 is divided by a?
8
Let r = 1977 - 1960. What is the remainder when 83 is divided by r?
15
Let r be (88/(-12))/((-13)/(-273)). Let m = r - -268. Calculate the remainder when m is divided by 15.
9
Let h(i) = 61*i**2 + 90*i - 114. What is the remainder when h(6) is divided by 164?
162
Let c(w) = 3*w + 42. Let x be c(14). Suppose 3*g = k + 204, -g + 34*k = 39*k - x. Calculate the remainder when g is divided by 14.
13
Let l = -33 + 102. Let p = 2236 + -2242. Let t = l - p. What is the remainder when t is divided by 19?
18
Suppose 4*n - 26 = -2. Suppose 4*c - 6*c + 38 = 0. Suppose -d + 5*m = -c, 0 - 7